3 + 4 - -3) + (-6 - 1)
-3
What is the value of 1 - (0 + (13 - 2))?
-10
Evaluate -5 - -7 - (-1 - -1 - -2).
0
What is the value of 0 + (5 - (0 - (0 - 3)))?
2
What is -9 - (3 - 13) - -2?
3
What is the value of (1 + 1 - (-1 - -5)) + 5?
3
Evaluate (3 - 1) + (-6 - 4 - -7).
-1
What is 0 - (-3 + (0 + -3 - -6))?
0
Evaluate (3 - 0) + (7 - 13 - -3).
0
What is (3 - (5 + 1)) + (1 - -5)?
3
Evaluate (3 - (-3 - -2)) + 0.
4
Calculate -12 + 3 + 1 + (1 - -1).
-6
What is (2 - 3) + 2 - (-3 + 3)?
1
Calculate 11 - (9 + 1) - (-1 - 1).
3
Evaluate (-1 - -4 - 4 - -2) + -4.
-3
0 + -6 - ((4 - 4) + -2)
-4
Calculate -8 - (-12 - -10 - -1).
-7
Evaluate (-3 - -6 - -3) + -5 + -7.
-6
(-6 - -7) + 3 + 0 + 0
4
What is the value of (3 - (2 - 4)) + (29 - 33)?
1
Calculate 1 - -6 - (4 - -2).
1
What is the value of 1 + (0 - -1) + -303 + 297?
-4
What is the value of -9 + -1 - (71 + -75)?
-6
What is the value of 9 + -17 + 3 + 3?
-2
14 + -13 + -1 + 4
4
Calculate -32 - -31 - (-4 - 1 - 1).
5
Evaluate -8 + 10 - -2 - -4.
8
Evaluate -1 - ((6 + -4 - 3) + 4).
-4
Calculate (1 - -4) + 2 + -3 + 7.
11
Evaluate (-7 - (-2 + -5)) + -6 + 1.
-5
(-22 - -24) + (-7 - 0)
-5
What is the value of -2 + 1 + (-9 - -6)?
-4
-2 + -4 + (5 - -5) - 4
0
Calculate -1 - (4 + (2 - 3)).
-4
What is the value of 0 - (-3 + (6 - 4))?
1
What is -7 - -3 - (3 + -3)?
-4
What is (-5 - -7 - -4) + -3 - -2?
5
(-1 - 1) + (41 - 46)
-7
What is the value of 5 + -10 + 12 + -4?
3
What is (47 - 34) + -2 + -2?
9
What is 0 + -3 - (4 + -4 + 2)?
-5
Evaluate -1 + 3 + -3 + -1.
-2
What is the value of 5 + -5 - (-2 - -2)?
0
(-2 - (-2 - -2)) + -2
-4
3 - (3 + -4 + 7 + -4)
1
Evaluate 16 + -11 - (4 + 2).
-1
What is (18 - -2) + -2 + 4 + -11?
11
Evaluate 6 + (8 - 6) + -9.
-1
Evaluate 7 + -6 - 4 - (-1 + 3).
-5
Evaluate (4 + (-1 - 2) - 2) + 4.
3
-5 - -1 - ((1 - 8) + 6)
-3
What is the value of 16 + -6 + -14 + (0 - -1)?
-3
What is the value of (-4 - (-10 + 3)) + -8?
-5
What is the value of 6 - (-6 - (0 - 12))?
0
Calculate 0 + 5 + 1 + -5 + 3.
4
What is the value of (6 + -3 - -8) + -7?
4
-19 - (-8 - 8 - -6)
-9
What is the value of -4 + (7 - -3) + -5?
1
What is the value of -2 + (2 - -1) + (1 - -2)?
4
Evaluate 9 + -17 + 5 + 8.
5
What is (-2 - -5) + -9 + -1 + 4?
-3
What is the value of -2 - (-1 - 3 - -1)?
1
What is 1 - 1 - (5 + -5 - -2)?
-2
What is the value of (-5 - -18 - -1) + -15?
-1
What is the value of 0 - (11 - (11 - 1))?
-1
Calculate 0 - ((-4 - (3 - 5)) + 3).
-1
4 + -9 + 2 + 5
2
Calculate -3 + (-1 - 4) - -4.
-4
7 - (6 + 5 + -5)
1
Calculate -10 - (3 - 12 - -5).
-6
What is the value of -16 + 4 + 4 - -15?
7
-97 - -89 - (-1 + 0 + -2)
-5
0 - (2 + (-1 - -1) + 1)
-3
What is the value of (1 - 2) + (-8 - (-1 - 7))?
-1
What is (1 - (6 + -11 + 5)) + -4?
-3
Evaluate 8 + -8 - 6 - -5.
-1
Evaluate (0 - -7) + 22 + -25.
4
What is the value of -3 - (-1 - (-4 + (4 - -4)))?
2
What is -2 + (0 + 3 - (2 - 0))?
-1
What is the value of (20 + -16 - 0) + (-1 - 2)?
1
Evaluate (-12 - -4 - -5) + -3.
-6
Evaluate -3 - 0 - 0 - (-1 - 7).
5
What is -3 + -11 + 17 + (-1 - -4)?
6
Evaluate 7 - (-6 + 2 + 1 + 3).
7
Evaluate 2 + 1 + -119 + 108.
-8
What is the value of -3 + (6 - 5) + 4?
2
-13 - -6 - (-1 - (4 + -3))
-5
What is (4 - (2 - -1)) + -6?
-5
(-24 - -24) + 13 + -5
8
Evaluate -5 + 1 - (-1 + -2 - -2).
-3
Evaluate (-84 - -83) + 2 + 5.
6
What is the value of -4 + 9 - (5 + -3)?
3
(5 - (0 + 6)) + 6
5
What is -2 + (1 - -4) + -5?
-2
What is the value of 0 + 2 - 1 - 1?
0
Evaluate (-13 - (-2 - 14)) + (-4 - -1).
0
What is the value of -1 + -5 + 1 - (0 + 1)?
-6
Evaluate (-3 - (9 + (-2 - 5))) + 0.
-5
-5 - 1 - (-40 + 36)
-2
What is the value of -1 + -3 + 1 + -5?
-8
What is the value of -9 - -17 - (4 + (0 - 0))?
4
Calculate -39 + 30 - (-1 - -2).
-10
What is (0 - -4) + 2 + -6?
0
What is the value of (1 - (-2 - -7)) + -24 + 35?
7
Evaluate (-11 - -6) + -1 + 6.
0
Calculate -14 + -2 + 7 + 10.
1
Calculate (3 - (-6 + -3 + 5)) + -8.
-1
Evaluate -4 + 0 - (4 + -13 - -11).
-6
What is the value of -4 - (-1 - 1 - (2 + 2))?
2
What is the value of 1 + 4 + (-3 - -1)?
3
Calculate 6 + 9 + -13 + 4.
6
2 + (-1 - -1 - 3) + -2
-3
Calculate (-13 - -7) + 4 + -3 + 1.
-4
What is 3 - (5 - -1 - -2) - -4?
-1
Evaluate 0 + -7 + 3 + 3 + -1.
-2
-11 - (-9 + 7 + -8)
-1
-3 - (6 - 4 - 2)
-3
Evaluate 1 - (-5 - 0 - (5 - 4)).
7
What is the value of -117 + 119 + -12 + 1?
-9
What is the value of (1 - -9) + -6 + (1 - 1)?
4
Evaluate (3 - -6) + -9 - (1 - 7).
6
Calculate (72 - 82) + 4 + 1.
-5
What is the value of 26 + -30 - (4 - -3)?
-11
What is the value of 3 - -1 - (85 + -77)?
-4
20 + -12 + -6 + -10
-8
2 + -3 + -4 - -2 - 0
-3
15 - (5 - (5 - 12))
3
Evaluate 6 + 0 + 3 + -3.
6
Calculate -12 + 6 - (-11 + 4) - -3.
4
8 + -5 + -2 + 3
4
What is the value of 2 - (11 - 5) - 2?
-6
What is the value of -71 + 64 - (-9 - -1)?
1
What is 5 + (-5 - (4 - 4))?
0
What is -6 + (10 - -1) + -7?
-2
What is 1 - (9 - 3) - (-16 + 1)?
10
What is -11 + 7 + -2 + 3?
-3
Calculate (-13 + -4 - -11) + (-1 - -1).
-6
Evaluate -14 - 0 - (-5 + (4 - 5)).
-8
Calculate 1 - (-7 + -4 + 5 - -9).
-2
Calculate (-4 - 0 - -1) + 5 + 3.
5
Evaluate -1 + -2 + (7 - 2).
2
-7 - 0 - (3 + -7)
-3
(2 - (1 + 5) - -5) + 1
2
Evaluate 1 - -3 - ((7 - 1) + 1).
-3
Calculate 4 - (1 + (-1 - -4)) - 1.
-1
Evaluate 13 + (-12 - -1) + 5.
7
4 - (4 + -5 + 1)
4
Calculate (-5 - -2 - -1) + (-12 - -7).
-7
Calculate 3 - -3 - (-13 + 12 + 8).
-1
What is -1 + (2 + 17 - 7) + 0?
11
What is the value of 17 + 1 + (-1 - 12)?
5
What is -9 + 23 + -9 + -11?
-6
What is the value of (3 - (4 - 1)) + 0 + 4?
4
What is the value of 7 + -9 + -6 + (16 - -1)?
9
(-2 - -2) + 3 + -7
-4
4 + 15 + -16 - (2 - -7)
-6
Calculate -2 - (4 + (-12 - -3)) - 5.
-2
Evaluate (-2 - -6) + (-2 - -2) - 0.
4
What is the value of 0 + (-2 - (3 + 2 + -1))?
-6
9 + -5 - (-2 + (3 - -1))
2
Evaluate -11 - (-8 - (-6 - -2)).
-7
What is (-1 - 2) + 6 + -17 + 10?
-4
What is the value of (8 - 0) + (-13 - -25) + -14?
6
What is 1 - (1 + (-2 - -3))?
-1
Calculate 3 + 4 + -9 - 3.
-5
What is -12 - (-8 + 2 + 0 + 0)?
-6
Calculate -3 - -5 - (-1 + 0 - -4).
-1
Evaluate -1 + 1 + (5 - 0).
5
-3 + (6 - (10 + -5))
-2
Evaluate 4 + (0 - (-9 + 1) - 10).
2
What is -8 + 3 + 5 - 4?
-4
6 - (10 + -6 + -1 - 4)
7
What is the value of 4 + -7 + (0 - (-5 + 3))?
-1
What is the value of -4 + -1 + 0 - (-5 - 1)?
1
(-4 - -2) + 15 - 7
6
Calculate (30 - 37) + (14 - 2).
5
Evaluate 8 + -5 + -12 - 1 - -4.
-6
What is the value of 3 - (14 + -4) - (-6 - -5)?
-6
(-7 - -3) + (12 - 7)
1
-6 - (5 - 2 - (4 - -10))
5
What is 3 + 0 + 1 - (9 - 4)?
-1
Evaluate (5 - 1) + (8 - 11) - -1.
2
Calculate 3 + (-7 - 1 - -2) + -1.
-4
Evaluate (-4 - (-3 + 0)) + 0.
-1
What is the value of (-5 - -3 - 3) + -2 + 4?
-3
Evaluate 48 + -43 + (-1 - -1).
5
What is (-4 + 5 + -1 - -6) + -1?
5
Evaluate (-6 + (4 - -2) - 3) + 11.
8
Evaluate (0 - -11) + -3 - 5.
3
What is the value of -14 + (1 - 10 - -29)?
6
Calculate 2 - (-6 - (-6 + 6 - 6)).
2
What is 8 + -11 + (-3 - -4) + -3?
-5
Calculate (2 - (7 + (-6 - -3))) + -9.
-11
Calculate (-10 - (0 - 0)) + -2 - -6.
-6
What is -11 + (1 - -14) + -15?
-11
What is the value of 15 + (-2 - 10) + -3?
0
Evaluate -2 + (5 - (4 + -3)).
2
What is the value of -2 - (-4 + 1 + 15 + -11)?
-3
Evaluate 14 + -5 - (3 + -6 + 6).
6
3 + (5 - 5) + 2
5
What is (-4 - (-6 - -3 - -2)) + 5?
2
What is the value of 8 - (-3 + 7 + -12 + 9)?
7
Evaluate (7 - -4 - 7) + -3.
1
Calculate 4 - (3 + 4 - 5) - -1.
3
What is -4 + 0 + 0 - (4 - 7)?
-1
Evaluate (5 - (3 + -3)) + -2.
3
5 + (-10 - (-7 - -3))
-1
Evaluate 6 + -4 + (-5 - -3) + -5.
-5
What is the value of -1 - -5 - 2 - (-24 + 21)?
5
What is the value of -9 + -1 + 6 + -1?
-5
What is the value of -2 + (5 - 4 - 3)?
-4
What is the value of (-1 + -2 - -2) + (38 - 28)?
9
Calculate -4 + (0 - 4 - (-4 + 1)).
-5
What is the value of -6 + (4 - (7 - 4))?
-5
What is the value of (-1 - (3 + -6)) + 0 + 1?
3
Evaluate 2 + 4 - (36 + -31).
1
Calculate (-33 - -28) + (1 - 1).
-5
Evaluate -9 + 5 + 0 + -4 + 5.
-3
What is the value of -6 - (-2 + -8 + -4 + 6)?
2
Evaluate -74 + 73 - (3 + -1 + 2).
-5
What is the value of 7 - (-2 + (-4 - -20))?
-7
Evaluate (4 - 3) + -2 + 3.
2
What is -8 - -9 - (1 - 1)?
1
What is the value of -4 + 1 - (-10 - -2 - -3)?
2
-17 + 2 + (14 - 6)
-7
What is the value of 3 + (2 - 4) + (4 - 2)?
3
-1 + (-5 - -1) + -40 + 50
5
What is the value of -8 - (-8 + -6 + -1)?
7
Calculate 5 + 3 + (0 - 4).
4
What is (-18 - 